**2/2 + 9*a + 2. What is the units digit of y(10)?
9
Suppose 0 = f - 4*f - 42. Let h(o) = -o**3 + 12*o**2 + 3*o - 10. Let b be h(12). Let c = f + b. What is the tens digit of c?
1
Suppose -u + 4 = -0. Let q(g) = 2*g + 3. Let n(o) = o + 2. Let y(f) = -3*n(f) + 2*q(f). What is the units digit of y(u)?
4
Let x be (((-1 - 3)/(-1))/(-2))/(-1). Suppose g - 309 = -2*i, x*g - 147 = -i - 0*i. What is the units digit of i?
7
Let g = 5367 + -3656. What is the thousands digit of g?
1
What is the tens digit of 459/3*(-10 - -16)?
1
Let l(u) = u**3 - u + 4. Let b be l(0). Let c(q) = q**3 - 4*q**2 + 5*q - 6. Let f be c(b). Let a = f - 10. What is the units digit of a?
4
Suppose 3*r - 51 = -5*v, 0 = 4*v - 3*r - 1 - 29. Suppose 0 = v*o - 4*o + 5. What is the tens digit of ((-1)/(-1))/(o/(-66))?
6
Suppose 0*z = 10*z - 4580. What is the tens digit of z?
5
Suppose -5*x - 20 = -5*v, 5*x - 1 = 3*v - v. Let c(k) = k**2 - 3*k + 1. Let q be c(v). Let g = q - 18. What is the tens digit of g?
1
Suppose 110800 = 19*i + 31*i. What is the hundreds digit of i?
2
Suppose -3720 - 2416 = -8*s. What is the hundreds digit of s?
7
Let k(l) = l**3 + 15*l**2 + 13*l - 14. Let q be k(-14). What is the tens digit of 0/(-1) + q + 21?
2
Let a(k) = 3*k - 12. Let u be a(16). Suppose -30 = 2*t - 2*l, -7 = -3*t - 5*l - u. Let p = 32 + t. What is the units digit of p?
9
Suppose -4*x = -0*x. Let s be 27 + -7 + x + -2. Suppose 0*f + f - s = a, 5*f - 4*a - 87 = 0. What is the units digit of f?
5
Suppose 20 = -4*x - 4*k, 2*x - 5*k + 10 = -7. What is the units digit of ((-48)/18)/4 - 166/x?
7
Suppose -3*d - 4805 = -5*y, -3*y + 137 = 5*d - 2746. What is the units digit of y?
1
Suppose 21 + 19 = 10*n. Suppose 5*u = -2*h + h + 135, -n*u + 524 = 4*h. What is the hundreds digit of h?
1
Suppose -4*f + 1250 + 1418 = 0. What is the units digit of f?
7
Suppose -m + 7102 = 5*u, 2*m - 5684 = 242*u - 246*u. What is the tens digit of u?
2
Suppose 5*b - 10 = 2*q + 16, q + 5*b = 2. Let h(i) = -i**3 - 8*i**2 - 5*i + 2. Let z be h(q). Let x = z + 18. What is the units digit of x?
0
Suppose 42*r = 41*r + 1207. What is the tens digit of r?
0
Let q(n) = 13*n + 3. Let d be q(5). Suppose -2*z + 2*y + d = 0, 0*z = -4*z - 3*y + 122. What is the tens digit of z?
3
Let p(v) = 44*v - 21. Let x(j) = 11*j - 5. Let m(c) = 2*p(c) - 9*x(c). Suppose 28*z - 32*z = 16. What is the units digit of m(z)?
7
Let d(g) = 321*g**3 + 17*g - 15. Let j(t) = -161*t**3 - 9*t + 8. Let l(a) = 6*d(a) + 11*j(a). What is the hundreds digit of l(1)?
1
What is the tens digit of 398 + (8/5)/((-4)/(-10))?
0
Suppose -4*u + 10*u = 7*u. Suppose -s = -u*s + 3*g - 44, 4*g = -5*s + 220. What is the units digit of s?
4
Suppose 13 = 5*q - 2*k - 15, -2*k - 8 = 0. Suppose 9 = z - q*h, 0*z = -4*z - 2*h. What is the units digit of 1/(48/(-50) + z)?
5
Let z = 8 + -8. Suppose -3*m + 156 - 54 = z. Suppose m + 0 = u. What is the units digit of u?
4
Let u be (-2)/(-7) + (-1)/(14/(-24)). Suppose 3*c - u*q + 7*q = 305, 104 = c + 4*q. What is the tens digit of c?
0
Let t(r) = -r**3 - 2*r**2 - 7*r + 6. What is the units digit of t(-7)?
0
Let d = 37 + -11. Suppose 3*l = p - d, 3*p = -2*l + 98 + 35. What is the tens digit of p?
4
Let y(m) = 3*m**2 + m. Let l be y(-3). Suppose a = l + 87. What is the units digit of a?
1
Suppose -w + 4*f = -500, -w - 4*f = f - 509. What is the hundreds digit of w?
5
Let k(s) = -10 - 4*s + 19*s - 3*s. What is the units digit of k(5)?
0
Let k(b) = -b**3 - 7*b**2 + 3. Let w be k(-7). Suppose 177 - 573 = -w*l. Suppose -2*v = 4*n - l, 0*v = -3*v + 12. What is the units digit of n?
1
Let t(f) = f**2 - 12*f + 29. Let d be t(10). What is the hundreds digit of ((-63)/2)/(d/(-36))?
1
Let p be (-7)/(-3) - 5/15. Suppose p*b - 10 = 14. Suppose b = y + v, 2*v - 91 + 22 = -5*y. What is the tens digit of y?
1
Let i be -1*2*36/(-24). Suppose i*y = -0*y + 120. Let q = y + -23. What is the tens digit of q?
1
Let i = 71 - 69. Let h(z) = 22*z**3 - 3*z + 4. What is the units digit of h(i)?
4
Let q(i) = -10*i + 16 + 3*i + 6*i. What is the units digit of q(-8)?
4
Let z = -124 + 197. What is the tens digit of z?
7
Suppose 0 = -g - 3*x - 46, -2*g - 45 - 67 = -4*x. What is the units digit of ((-1)/(-3))/(5/45) - g?
5
Suppose 0 = 20*c - 34*c + 19054. What is the thousands digit of c?
1
Suppose n + 26 = 3*z - 8*z, 5*n = -5*z - 30. Let l = 52 - z. What is the units digit of l?
7
Suppose -22*r = -19*r - 18. Let q(w) = 1. Let i(n) = 6*n - 4. Let a(u) = i(u) + 3*q(u). What is the units digit of a(r)?
5
Let n(i) = -i**3 + 43*i**2 - 53*i - 33. What is the tens digit of n(41)?
5
Let q(t) = -5*t**2 + 2*t + 2. Let p be q(7). Let n = 13 - p. What is the units digit of n?
2
Suppose 0 = l - 6*g + g - 83, 4*l - 282 = -5*g. Suppose -2*n = l - 197. What is the tens digit of n?
6
Let n = 198 - -310. What is the units digit of n?
8
Let c = 10 - 1. Let v(g) = 7*g**3 + 20*g**2 - 27*g - 15. Let d(f) = -3*f**3 - 10*f**2 + 13*f + 8. Let q(s) = 9*d(s) + 4*v(s). What is the units digit of q(c)?
2
Let x be -3 + (-12 - (-8)/2). Let n(s) = -5*s - 13. What is the units digit of n(x)?
2
Suppose 59*c - 58*c - 2983 = -3*r, 0 = 5*c - 20. What is the tens digit of r?
9
Suppose 0 = 6*p - 2*p - 11628. What is the units digit of p?
7
Suppose 3*l = -2*i - 492, 0*i + 3*i + 164 = -l. Let o = -112 - l. What is the units digit of o?
2
Suppose 3*i = -n + 6, 0*i = -4*n - i + 24. Suppose -2*h + n*h = 512. What is the hundreds digit of h?
1
Let i(k) = -22*k - 4. Let y(t) = -7*t - 1. Let h(v) = 6*i(v) - 17*y(v). Let o be h(-6). Suppose -125 - o = -4*p. What is the tens digit of p?
4
Let l = 61 + -54. Suppose 0 = l*a - 0*a - 567. What is the tens digit of a?
8
Let h be 2/(-11) + (-8)/(-44). Suppose h = -13*x + 8*x + 25. What is the units digit of x?
5
What is the thousands digit of (-37)/222 - (-19261)/6?
3
Let k = 19 - 12. Suppose -k*q = -3*q - 12. Suppose 7 - 79 = -q*j. What is the tens digit of j?
2
Suppose -4 = -t + 3*x, 4*x - 12 = 2*t + 3*x. Let p(z) = z + 18. Let r(q) = -q - 1. Let j(i) = p(i) + 5*r(i). What is the tens digit of j(t)?
4
Let k = 32 - 18. What is the tens digit of (119/k)/(1/2)?
1
Suppose -1068 + 356 = 4*n. What is the tens digit of n/(-4) + (-3)/2?
4
Suppose 10*r + 5*r - 5025 = 0. What is the units digit of r?
5
Suppose 0*w - 2*w + 5 = v, 0 = 4*w - 3*v + 5. Let x be w/(-3) - (-67)/3. Suppose m - x = 2*c, 0*c + 15 = -3*c. What is the tens digit of m?
1
Let f = 11 - -7. Let x(c) = -c**3 + 17*c**2 + 21*c + 11. Let p be x(f). What is the tens digit of -12 + 12 - p*-1?
6
What is the units digit of (-12)/28 - 22710/(-21)?
1
Let v(x) be the second derivative of -11*x**3/3 + x**2 - 3*x. What is the units digit of v(-3)?
8
Suppose 0 = -5*c + 3*c - 10, a - 682 = -3*c. What is the hundreds digit of a?
6
Let h = 692 - 239. What is the units digit of h?
3
Let j be (-2)/(-12) - (287/(-6) - 4). Let t = j - -1. What is the tens digit of t?
5
What is the units digit of 2358/10*(-16 + 26)?
8
Suppose 14897 + 1678 = 15*q. What is the hundreds digit of q?
1
Let f be (6/4 - 2)*(5 - 13). What is the tens digit of 835/15 + f/12?
5
Let q(n) = n**2 - 19*n + 21. Let o be q(18). Let a(k) = 5*k**2 - 7. What is the units digit of a(o)?
8
Let b(m) be the third derivative of m**6/360 - m**5/40 - 5*m**3/6 - 7*m**2. Let f(d) be the first derivative of b(d). What is the units digit of f(5)?
0
Let k(s) = -2*s**2 + 4*s + 4. Let x(m) = -m**2 - 1. Let c(v) = -k(v) - 3*x(v). What is the units digit of c(-3)?
6
Suppose -2*m = -j + 259, -9 = 2*m + 1. What is the units digit of j?
9
Let c(r) = 48*r - 117. Let h(f) = -23*f + 59. Let w(y) = -2*c(y) - 5*h(y). What is the hundreds digit of w(16)?
2
What is the tens digit of 584 + (12 - 7 - 3)?
8
Suppose 14*o - 12*o = 2196. Suppose 12*f = o + 2238. What is the tens digit of f?
7
Let a(h) = -5*h**3 + h**2 - h - 1. Let d be a(-1). Suppose -3*z + d = -2*z. Suppose 2*y - z = 0, -5*y + 13 + 8 = f. What is the units digit of f?
6
Suppose 15*g - 12*g = 27. Let r = 50 - g. What is the units digit of r?
1
Suppose -3*z + 3*y - 3 = 0, -3*z + 6*y - 8*y + 22 = 0. Let i be 9 + 2/4*0. Suppose -z*w = -i*w + 210. What is the tens digit of w?
4
Suppose -5*g + 0 = -20. Suppose g*j + 230 = -j. Let n = -22 - j. What is the units digit of n?
4
Let x be 0 - -259 - (16 - 18). Suppose 11*i = 8*i + x. What is the t